). Let n be x/10 - ((-1408)/20)/(-4). Let i = -2 - n. What is the remainder when 79 is divided by i?
15
Let y be (0 - 5)/(-5)*-66. Calculate the remainder when 3 - 11/(y/306) is divided by 19.
16
Let y = -252 + 270. Suppose 3*i - 15 = 0, y*i - 17*i = -4*r + 1289. Calculate the remainder when r is divided by 82.
75
Let k be 1*4*(-6 - (-534)/4). Suppose -k = -20*g + 10*g. What is the remainder when 65 is divided by g?
14
Suppose -13*d + 39*d + 12*d = 5206. What is the remainder when 536 is divided by d?
125
What is the remainder when 1210 is divided by (5 + -11)/(1384/128 + -11)?
26
Let x be (21/3 - 6) + 14. Suppose -p + x = -5*c, -7*c + 6*c = -5*p + 75. What is the remainder when 39 is divided by p?
9
Let g(h) = -16*h**3 - 4*h**2 - 6*h - 5. Let v be g(-2). Suppose b - v = 11. Let l = -81 + b. What is the remainder when l is divided by 28?
21
Let u be ((-162)/135)/(2/(-5)). Suppose 7*b - 428 = u*b. What is the remainder when b is divided by (-4)/(-2)*-1 + 29?
26
Suppose 8*c = 10*c - 4. Suppose -4*d - c*d = -18. Calculate the remainder when (-390)/(2 + -8) - (0 - d) is divided by 10.
8
Let m = -2 - -26. Let s = 1744 + -1539. Suppose 187*f - s*f = -126. What is the remainder when m is divided by f?
3
Let r be 16*(-3)/18*18/(-24). Suppose 0 = -r*z + 67 - 29. Suppose g + 11 = 2*a, -5 = 3*a - 5*a - g. Calculate the remainder when z is divided by a.
3
Suppose 13*a - 11*a = 2. Calculate the remainder when 419 is divided by (a + 2)/(-6 - 2115/(-350)).
69
Suppose 0 = 5*m + 4*d - 1606, 6*d - 3*d + 1260 = 4*m. What is the remainder when m is divided by 302?
16
Let i(p) = -p**3 - 9*p**2 - 9*p + 4. Let y be i(-8). Let o = 28 - y. Let r = -164 + 171. What is the remainder when o is divided by r?
2
Let l(t) = 132*t - 4398. What is the remainder when l(36) is divided by 3?
0
Let p(m) = 7*m**2 + 67*m - 300. Calculate the remainder when 170 is divided by p(4).
10
Let d(h) = 157*h + 1166. What is the remainder when 400 is divided by d(-7)?
65
Suppose 11*z - 16*z - 345 = -5*h, -5*h = z - 369. Calculate the remainder when h is divided by 69.
4
Let a be (-128)/8*(-1)/(-2)*1. What is the remainder when (-838)/(-15) + (-22)/(-165) is divided by (a/(-4))/(-2)*-15?
11
Let m be ((-2)/(-4))/(5/30). Suppose 2*h - 24 + 6 = 4*q, 4*q + 13 = -m*h. What is the remainder when -4 + (q - 33/(-3)) is divided by 2?
1
Let s be 12/28 + (-165)/(-105). Suppose -2*g + 4 = -4*h, 28 = s*h + 24. Calculate the remainder when 64 is divided by g.
4
Suppose 10*b = -3*q + 8*b + 4382, -3*q + 4375 = -5*b. What is the remainder when q is divided by 86?
84
Let h = 2 - -4. Let m(y) = -y**3 + 87*y**2 - 255*y + 263. What is the remainder when ((-14)/h)/((-1)/9) is divided by m(84)?
10
Suppose -3*t = 2685*x - 2690*x + 47, 2*x = -t + 21. What is the remainder when 9958 is divided by x?
8
Calculate the remainder when 7156 is divided by (6/4)/(720/8160).
16
Let r(l) = -3*l**3 + 2*l**2 + 13*l + 13. Let w be r(-2). Suppose 3*b = 5*x - 110 + w, 49 = 3*x + b. What is the remainder when 106 is divided by x?
4
Let q(r) be the third derivative of -r**6/120 + 37*r**5/60 + 65*r**4/12 + r**3 - 19*r**2 + 2*r. Calculate the remainder when q(40) is divided by 51.
49
Suppose 3*n - 2*v - 473 = 0, 4*v = n - 114 - 47. Let a = 115865 - 115833. Calculate the remainder when n is divided by a.
29
Suppose -4*q + 11 = -5. Suppose -5*x - 49 = 2*a, -q*x = -a + 18 + 29. Let s = x + 38. Calculate the remainder when 77 is divided by s.
23
Let t(d) = 130*d + 10707. What is the remainder when 977 is divided by t(-75)?
20
Suppose -c - 29 = -f + 7, 112 = 3*f - 5*c. What is the remainder when 7376 is divided by f?
32
Suppose 15*x - 17*x + 88 = 0. Let q(a) = -a**2 - 14*a - 12. Suppose -58*t + 12 = -59*t. Calculate the remainder when x is divided by q(t).
8
Let u(l) be the third derivative of -49*l**4/24 - 31*l**3/2 - 276*l**2. What is the remainder when 80 is divided by u(-2)?
0
Let l = -6871 + 9793. Calculate the remainder when l is divided by 37.
36
Let l be 2/(-7) - 16/(-7). Suppose -11*i + 175 = 79 + 74. Suppose 0 = 3*w - h - 95, 3*h + 130 = i*w + l*w. Calculate the remainder when 90 is divided by w.
28
Let d = 92 - 40. Let g = -42 + d. Suppose l = g*l - 63. Calculate the remainder when 46 is divided by l.
4
What is the remainder when (-12425)/(-105) - (-5)/3 is divided by 0/1 - 1*-42?
36
Suppose -16*m = k - 11*m - 1240, 5976 = 5*k - 3*m. Calculate the remainder when 1222 is divided by k.
22
Let c(o) = -6*o + 0*o + o**2 - 3*o + 3*o. Let b be c(6). Suppose -2*x - 4*a = -8, b*a = 4*x + 5*a - 22. Calculate the remainder when 15 is divided by x.
7
Let x(v) = 2*v**3 + 120*v**2 + 340*v + 116. What is the remainder when x(-57) is divided by 53?
18
Let b = -27 + -42. Let j = b - -74. Suppose 0 = -5*m - 20, j*m - 214 = -4*f + 30. Calculate the remainder when f is divided by 17.
15
Let i = -4007 + 4030. What is the remainder when 665 is divided by i?
21
Suppose -5*d = 4*b + 6958, -12*d + 7*d = -5*b + 6940. Let v = d - -2028. What is the remainder when v is divided by 9?
8
What is the remainder when 795 is divided by 278 + (-13 - 40/5)?
24
Let y be 2/5*(11 + -6). Suppose -y - 1 = -3*o. What is the remainder when 13 is divided by ((-10)/(-20))/(o/10)?
3
Suppose -3*m = -9*g + 13*g - 4463, -2248 = -2*g + 4*m. What is the remainder when g is divided by 15?
8
Suppose 662*r - 659*r = 3*x + 162, r = -4*x + 34. Calculate the remainder when r is divided by 21 - 4/(-2)*1.
4
Let x = 2130 + -1471. Suppose -53 = -4*h + x. Calculate the remainder when h is divided by 18.
16
Calculate the remainder when 181 is divided by 186/372*(-1 + 99).
34
Suppose -2*d = 3*d - 40. Let y(g) = 2*g**2 + 7*g - 5. Let h be y(-7). Suppose -d*r - h = -10*r. What is the remainder when r is divided by 5?
2
Let c(o) = -13*o + 15. What is the remainder when 892 is divided by c(-3)?
28
Let b be 0/((17 + 1)/(-3) + 5). Suppose b = 24*c - 31*c + 203. Calculate the remainder when 231 is divided by c.
28
Let g(p) = 20*p**3 + 2*p**2 + p - 2. What is the remainder when g(2) is divided by 17 - -3*187/33?
32
Calculate the remainder when 1 - 0 - (-1 - 146) is divided by (188/(-7) - 11/77)/(133/(-133)).
13
Let w(b) = 4*b + 177*b**2 + 3 - 6*b + 1 - 5 + b. What is the remainder when w(-1) is divided by 32?
17
Let a = 87 - 180. Let j = 39 - a. Calculate the remainder when j is divided by 70.
62
Let k be 2 + -2 - ((4 - 3) + 2). Let n(y) = y**2 - 4*y + 1. Let c be n(5). What is the remainder when -2*(-1)/c + (-140)/k is divided by 12?
11
Suppose -2*d - d = -6*d. Suppose -2*m = d, 4*v - 105 = -v + 2*m. Calculate the remainder when 35 is divided by v.
14
Suppose -4*d + 4*f = -289 - 123, 0 = -f. What is the remainder when d is divided by 7 - ((2 - (-14)/(-6)) + (-3900)/180)?
16
Suppose -358*s + 17864 = 454*s. Suppose -2*y + 9 + 3 = 0. What is the remainder when s is divided by y?
4
Calculate the remainder when ((-19)/8 - (-96)/256) + 10451 is divided by 39.
36
Let i(k) = -32*k + 55. Let a be i(-22). Let o = -717 + a. What is the remainder when o is divided by 5?
2
Calculate the remainder when 385 is divided by (-888)/(-7 - 1) + 80/(-10).
76
Let c be ((-26)/6 + 4)*(-18)/(-3). Let i(n) = 8*n. Calculate the remainder when i(4) is divided by (c/(-3))/(22/231).
4
Let s(r) = -5*r**3 + 26*r**2 + 2*r - 32. What is the remainder when 136 is divided by s(5)?
1
Suppose 8*t = -18*t - 4290. Let j = 164 - t. Calculate the remainder when j is divided by 66.
65
Suppose 10469 = 5*j + 4*z - 10487, -20952 = -5*j - 3*z. What is the remainder when j is divided by 262?
258
Suppose 0 = -8*i + 113 + 215. Calculate the remainder when 50 is divided by i.
9
Let l = -27235 - -27274. Suppose -2*v - 2*v - k = -219, 2*k = v - 48. What is the remainder when v is divided by l?
15
Let t(g) = -2*g**2 - 29*g - 17. Let w be ((-60)/(-120))/(1/(-22)). What is the remainder when 189 is divided by t(w)?
9
Suppose 418 = 10*p - 5*p - 3*z, 216 = 3*p + 4*z. Calculate the remainder when p is divided by 63.
17
Suppose 4*s - 10136 = -g, -3*g + 9475 + 3195 = 5*s. What is the remainder when s is divided by 59?
56
Let i be 16/6 + 1/3. Suppose -m + i = -13. Suppose -229*c - 60 = -238*c + 183. What is the remainder when c is divided by m?
11
Calculate the remainder when (-378004)/(-1089) + 2/9 - (-2)/(-6) is divided by 91.
74
Let m(a) = 5*a**2 + 5*a. Le